22278.
2, 5761139
What are the prime factors of 3989715?
3, 5, 19, 13999
What are the prime factors of 256128?
2, 3, 23, 29
List the prime factors of 2512416.
2, 3, 26171
What are the prime factors of 2994659?
53, 56503
What are the prime factors of 1182368?
2, 11, 3359
What are the prime factors of 75916?
2, 18979
What are the prime factors of 375957?
3, 37, 1129
List the prime factors of 3278797.
3278797
What are the prime factors of 3472640?
2, 5, 2713
List the prime factors of 351320.
2, 5, 8783
List the prime factors of 225109.
225109
List the prime factors of 31592.
2, 11, 359
What are the prime factors of 2213202?
2, 3, 61, 6047
What are the prime factors of 1546553?
89, 17377
What are the prime factors of 27207?
3, 3023
List the prime factors of 551969.
11, 19, 139
What are the prime factors of 81422?
2, 11, 3701
List the prime factors of 5413600.
2, 5, 67, 101
What are the prime factors of 7730560?
2, 5, 47, 257
What are the prime factors of 213991?
29, 47, 157
List the prime factors of 718854.
2, 3, 119809
What are the prime factors of 1446317?
29, 53, 941
List the prime factors of 32618489.
32618489
What are the prime factors of 816927?
3, 307, 887
List the prime factors of 15107488.
2, 11, 167, 257
What are the prime factors of 5964018?
2, 3, 47, 21149
List the prime factors of 756151.
11, 53, 1297
List the prime factors of 13208705.
5, 19, 163, 853
What are the prime factors of 3546200?
2, 5, 7, 17, 149
What are the prime factors of 18482467?
18482467
List the prime factors of 6956578.
2, 29, 277, 433
List the prime factors of 577193.
577193
List the prime factors of 551146.
2, 275573
What are the prime factors of 10032964?
2, 31, 80911
What are the prime factors of 8397017?
8397017
What are the prime factors of 1211299?
541, 2239
What are the prime factors of 247459?
131, 1889
List the prime factors of 2507715.
3, 5, 7, 19, 419
What are the prime factors of 308909?
107, 2887
What are the prime factors of 4849969?
151, 32119
What are the prime factors of 622962?
2, 3, 53, 653
What are the prime factors of 12878041?
11, 379, 3089
What are the prime factors of 66091?
29, 43, 53
What are the prime factors of 902448?
2, 3, 2089
What are the prime factors of 3858653?
19, 29, 47, 149
List the prime factors of 5754814.
2, 13, 211, 1049
List the prime factors of 1560613.
353, 4421
What are the prime factors of 187048?
2, 103, 227
What are the prime factors of 354685?
5, 70937
List the prime factors of 11187141.
3, 7, 76103
What are the prime factors of 179080?
2, 5, 11, 37
List the prime factors of 2830821.
3, 7, 163, 827
List the prime factors of 1524402.
2, 3, 11, 7699
List the prime factors of 107452.
2, 26863
List the prime factors of 55099.
11, 5009
What are the prime factors of 4047?
3, 19, 71
List the prime factors of 421601.
173, 2437
List the prime factors of 8257449.
3, 179, 15377
List the prime factors of 36004.
2, 9001
What are the prime factors of 205276?
2, 19, 37, 73
List the prime factors of 1551678.
2, 3, 258613
What are the prime factors of 680453?
680453
What are the prime factors of 11015919?
3, 23, 73
What are the prime factors of 666482?
2, 19, 17539
List the prime factors of 6824701.
13, 17, 30881
What are the prime factors of 6029231?
13, 463787
List the prime factors of 1470905.
5, 294181
What are the prime factors of 2352562?
2, 17, 69193
List the prime factors of 1138038.
2, 3, 11, 43, 401
What are the prime factors of 12082033?
31, 389743
List the prime factors of 32463357.
3, 2927, 3697
What are the prime factors of 236299?
7, 33757
List the prime factors of 697092.
2, 3, 11, 5281
What are the prime factors of 15301523?
257, 59539
What are the prime factors of 4404674?
2, 73, 30169
List the prime factors of 76493.
76493
What are the prime factors of 10117882?
2, 673, 7517
What are the prime factors of 2115078?
2, 3, 7, 50359
What are the prime factors of 204522?
2, 3, 89, 383
List the prime factors of 3368293.
73, 46141
What are the prime factors of 9638768?
2, 31, 19433
What are the prime factors of 5616716?
2, 7, 200597
List the prime factors of 106332.
2, 3, 8861
What are the prime factors of 75001?
179, 419
List the prime factors of 6443690.
2, 5, 11, 58579
List the prime factors of 287908.
2, 167, 431
What are the prime factors of 1662986?
2, 13, 167, 383
What are the prime factors of 394325?
5, 15773
What are the prime factors of 7941789?
3, 347, 2543
List the prime factors of 1519320.
2, 3, 5, 11, 1151
List the prime factors of 963771.
3, 103, 3119
List the prime factors of 6187828.
2, 23, 103, 653
What are the prime factors of 20628?
2, 3, 191
What are the prime factors of 185078?
2, 29, 3191
List the prime factors of 1354410.
2, 3, 5, 101, 149
What are the prime factors of 3235030?
2, 5, 101, 3203
What are the prime factors of 176587?
41, 59, 73
List the prime factors of 341163.
3, 37907
What are the prime factors of 108358?
2, 17, 3187
What are the prime factors of 8849829?
3, 67, 44029
What are the prime factors of 70078?
2, 37, 947
List the prime factors of 4368590.
2, 5, 37, 11807
What are the prime factors of 159391?
19, 8389
What are the prime factors of 718074?
2, 3, 7, 41, 139
What are the prime factors of 2436179?
41, 59419
List the prime factors of 2151456.
2, 3, 73, 307
What are the prime factors of 1509503?
503, 3001
What are the prime factors of 10549110?
2, 3, 5, 11, 13, 2459
What are the prime factors of 59413?
19, 53, 59
List the prime factors of 1838999.
1838999
What are the prime factors of 5241940?
2, 5, 11, 23827
What are the prime factors of 22267609?
7, 13, 2689
List the prime factors of 31164409.
1931, 16139
What are the prime factors of 196021?
7, 41, 683
List the prime factors of 298124.
2, 74531
What are the prime factors of 132721?
132721
List the prime factors of 6823095.
3, 5, 197, 2309
What are the prime factors of 2406267?
3, 61, 487
List the prime factors of 376429.
337, 1117
What are the prime factors of 508667?
271, 1877
List the prime factors of 504355.
5, 19, 5309
List the prime factors of 308721.
3, 7, 61, 241
What are the prime factors of 25437888?
2, 3, 7, 701
List the prime factors of 412223.
7, 58889
List the prime factors of 516791.
11, 4271
What are the prime factors of 17154224?
2, 17, 63067
List the prime factors of 1300978.
2, 7, 92927
What are the prime factors of 22242092?
2, 47, 193, 613
What are the prime factors of 2871048?
2, 3, 119627
List the prime factors of 125558.
2, 67, 937
List the prime factors of 10097358.
2, 3, 1682893
What are the prime factors of 2971900?
2, 5, 113, 263
What are the prime factors of 3476385?
3, 5, 11, 2341
What are the prime factors of 32978233?
419, 78707
List the prime factors of 76152.
2, 3, 19, 167
List the prime factors of 4018591.
269, 14939
List the prime factors of 1222524.
2, 3, 29, 1171
List the prime factors of 9092718.
2, 3, 29, 17419
What are the prime factors of 327860?
2, 5, 13, 97
List the prime factors of 1083401.
11, 98491
List the prime factors of 146596.
2, 67, 547
What are the prime factors of 423450?
2, 3, 5, 941
What are the prime factors of 260402?
2, 130201
What are the prime factors of 185589?
3, 17, 1213
What are the prime factors of 8807299?
1327, 6637
List the prime factors of 5538933.
3, 615437
List the prime factors of 3395786.
2, 37, 109, 421
What are the prime factors of 12564157?
12564157
What are the prime factors of 328026?
2, 3, 23, 2377
What are the prime factors of 28382?
2, 23, 617
List the prime factors of 13920421.
317, 43913
List the prime factors of 20911397.
13, 1608569
What are the prime factors of 80822?
2, 7, 23, 251
List the prime factors of 4854848.
2, 31, 2447
List the prime factors of 318403.
318403
What are the prime factors of 15225362?
2, 367, 20743
List the prime factors of 18548985.
3, 5, 7, 13, 107, 127
What are the prime factors of 21007?
7, 3001
What are the prime factors of 258280?
2, 5, 11, 587
List the prime factors of 6625129.
7, 19, 109, 457
What are the prime factors of 2163107?
2163107
What are the prime factors of 11896063?
11896063
List the prime factors of 16098321.
3, 23, 181, 1289
List the prime factors of 345574.
2, 172787
What are the prime factors of 5431269?
3, 1810423
What are the prime factors of 2962460?
2, 5, 148123
List the prime factors